 -6 + (1 - 1) - (-13 - -10).
-3
Calculate 1 + 2 + (-3 + 4 - 4).
0
Evaluate -4 - (-2 - (2 + -2)).
-2
Calculate -6 - (-8 - (1 + 2)).
5
What is 3 - (5 + 3 + 2 + -5)?
-2
What is 6 - (2 - -1) - 2?
1
(8 - (-3 - -9)) + -6
-4
(1 - -7) + -10 - -4
2
Evaluate -8 + (6 - 3) + 6.
1
3 + 2 + 6 + (-24 - -22)
9
What is -1 + 0 + -3 - -11?
7
-3 + 5 - (10 + -14)
6
What is (-2 - 2) + (-4 - (-7 - 4))?
3
What is the value of -9 - (-1 + -4 + 4)?
-8
What is the value of (21 + -13 - -1) + (-2 - 4)?
3
What is -5 + 10 + (2 - 6 - -5)?
6
What is the value of -4 - (2 - (8 - 5 - 0))?
-3
What is -3 + 5 + 5 + -6?
1
Calculate 2 - (3 - (4 + -9)).
-6
-3 + 0 + -6 + 3 + 1
-5
Evaluate -5 + (4 - 3) + (-5 - -8).
-1
Calculate -1 + -1 + -1 + -11 + 11.
-3
Evaluate -7 + -7 + 11 - (1 + -6).
2
What is the value of (-9 - -16) + -1 + -2 - 0?
4
4 + 1 + 1 + (-1 - 1)
4
Calculate (11 - 13) + (-1 - -3).
0
Evaluate 0 - (8 + (1 - 5) + -8).
4
Evaluate (-2 - -3 - -2) + -3.
0
What is -8 - (-2 + (1 - 3))?
-4
0 - (-3 - (-1 + 4) - -2)
4
3 + -11 + 5 + (3 - -1)
1
Evaluate -5 - (-3 - (-8 + 18 + 3)).
11
(2 - (-3 + 1)) + -8
-4
What is 2 + (-2 - -1) + (37 - 36)?
2
(-2 + 4 - 2) + (14 - 9)
5
Calculate 10 + -7 + (3 - 0) + 0.
6
(-4 + 5 - -1) + 0 + -3
-1
What is the value of -4 + (1 - (4 - 3)) + -1?
-5
Calculate 6 - 0 - (-52 - -56).
2
-3 + (-1 + 5 - -2)
3
What is the value of (2 - 9) + 1 + 7?
1
What is 9 - (-7 + (-7 + 3 - -11))?
9
What is -11 - (4 + 10 - 16)?
-9
What is -3 - (2 - (-3 - -9))?
1
Calculate -3 + (3 + -5 - -4).
-1
Calculate 0 - 2 - (2 + 4 + -3).
-5
4 + -9 + (-11 - -23)
7
Evaluate -7 + -1 - -1 - (2 - 8).
-1
What is the value of 5 + 4 + -8 + -4 + 3?
0
Evaluate 6 - 2 - -2 - (-5 + 6).
5
What is (3 - -8) + -33 + 19?
-3
What is the value of (-22 - (-29 + 12)) + (3 - 0)?
-2
Evaluate (-9 - -13) + (2 - 1).
5
Calculate -5 + -4 + 9 + 5.
5
What is the value of 4 + (7 - 4 - 4)?
3
Calculate 5 + -3 + (5 - 5).
2
-3 + 2 - (-1 + 1)
-1
Evaluate 7 - 9 - (-1 - 3).
2
Calculate (0 - 0 - -1) + (7 - 2).
6
What is the value of 3 - (5 - (-1 + 5)) - -3?
5
Calculate 0 + 3 - (1 + -8 + 5).
5
What is the value of -2 - (0 + 5 + 0)?
-7
Calculate -2 - -4 - (-3 + -1 + 4).
2
Calculate -1 - (-7 - -6 - -3).
-3
Calculate 0 + -1 + 4 + -5 + 2.
0
What is the value of 2 - (7 + -5 + 3)?
-3
-1 + 12 + (-282 - -274)
3
12 + -8 - (-1 - 1)
6
What is the value of 16 + -11 - (-1 + (0 - -1))?
5
What is 6 + -1 - (-16 - -19)?
2
What is -3 - -3 - 3 - -1?
-2
Evaluate -2 - (3 - ((-1 - -1) + 2)).
-3
Calculate -4 + 2 - (-3 + 0 + -2).
3
(-5 + 0 - -4) + (-2 - -2)
-1
What is 10 - (-2 + 7 - 0)?
5
Calculate 4 + 8 + -25 + 8.
-5
8 + -3 - (-1 + 5)
1
What is the value of -10 + 11 + (-14 - -13)?
0
(13 - (3 + 4)) + -7
-1
1 + 1 - (3 + (-8 - -10))
-3
What is the value of 82 - 67 - ((-3 - -2) + 9)?
7
What is 3 + 0 + 57 + -67?
-7
What is the value of 0 - -9 - (14 + -6 + -4)?
5
Evaluate 0 - ((4 - (-1 + 2)) + 1).
-4
Calculate 4 - ((4 - 2) + (-1 - -5)).
-2
(-2 - 0 - (-8 + 7)) + 0
-1
Evaluate 8 + -11 + 9 + -11.
-5
Calculate 0 - (2 + -1 + -2).
1
What is 5 + -2 + -3 + (-3 - -6)?
3
(1 - 5 - -1) + (13 - 14)
-4
What is the value of 3 - (7 - (1 + -5 - -4))?
-4
5 + (-4 - -12) + -11
2
Evaluate (-9 + 2 - -12) + -5.
0
Evaluate -3 - (-5 + 0 + 4) - -4.
2
1 + (-5 - (-4 - -8 - 7))
-1
What is (-4 - (4 + -5)) + 3?
0
-144 - -140 - (-1 - -1)
-4
(4 - (2 - -14) - -3) + 3
-6
Calculate (4 - (4 + 4)) + 4 - -2.
2
-4 - -1 - (-7 - (-30 - -19))
-7
Calculate (-1 - -1 - -1) + (12 - 11).
2
What is the value of 0 + (-7 - -10) + -3?
0
Calculate -8 + 6 + (-3 - -1 - -3).
-1
1 - (0 - (0 - -5) - -5)
1
What is the value of 12 - ((6 - 2) + -3) - 4?
7
Calculate 8 + (11 - 0) + -4 + -15.
0
Calculate -4 - (-9 - (4 + -8)).
1
Evaluate -7 + 5 - (-1 + -3).
2
What is 8 - 3 - (7 - (2 - -1))?
1
What is (-12 - -3) + 2 + 9 + -7?
-5
1 + (3 - (7 - 0))
-3
What is the value of -5 + 12 - (6 - 2)?
3
What is the value of 2 - (-3 + (15 - 7))?
-3
What is (1 - 4 - -3) + 10 + -7?
3
2 + 1 + (-4 - 0)
-1
1 - 0 - (0 + 3 + -7)
5
Evaluate (-3 + 1 - -6) + -4.
0
6 + -2 + (6 + -3 - 0)
7
What is the value of 0 + -2 - (0 + (3 - 3))?
-2
What is the value of (3 - 2) + 14 + 18 + -25?
8
What is 8 + -18 + (6 - (-2 - -8))?
-10
Evaluate -47 - -48 - (8 + 0).
-7
(0 - -4) + -1 - 7
-4
-7 + (-3 - 1) + 5
-6
Evaluate 24 + (-18 - 2) - (1 + 13).
-10
What is (-2 - -1) + (5 - 4) + -2?
-2
What is -3 - (-5 + 1 - -3 - 0)?
-2
What is the value of 1 + -7 + (5 - -2) + -5?
-4
Calculate -5 - (-8 - (-1 + 1)).
3
Evaluate (-4 - (4 + -8 - -4)) + 2.
-2
Evaluate 1 + -1 + 2 - (-4 + 6).
0
Evaluate 4 + (-13 - (4 + -4) - -5).
-4
Calculate 1 + -13 + (10 - 3).
-5
Calculate 16 + -27 + 3 + -2.
-10
Calculate (-1 - -2) + (3 - (5 + -2)).
1
What is the value of -5 - -1 - (7 + -19 + 6)?
2
What is -1 - (1 + -1 + (-5 - -1))?
3
Evaluate (-3 - -9) + -4 + 1.
3
Evaluate -14 - (0 - 3 - 15).
4
Calculate -67 + 71 - (1 - 3).
6
-9 + 3 + 4 + -2
-4
What is (9 - 2) + 5 + -10?
2
Calculate -4 + -4 + -2 + 2 - -3.
-5
What is (3 + -12 - -14) + -7?
-2
What is the value of 1 + -7 - (-9 + 5 - 1)?
-1
Evaluate 0 + 1 + -2 + 4 + -6.
-3
Calculate (6 + 3 - 12) + -3.
-6
What is the value of -1 - -1 - ((10 - 7) + 2)?
-5
Calculate 7 - (2 - ((6 - 4) + -5)).
2
What is 25 - 27 - (1 + 2)?
-5
Evaluate -5 - (-12 - 1 - -2 - -3).
3
Calculate 3 - 3 - (-4 + 12 + -3).
-5
Calculate 0 + -3 + 0 + 6.
3
Calculate (-3 + 1 - (11 - -1)) + 5.
-9
What is the value of 0 - (2 - (3 + 3)) - 4?
0
0 + 1 + -1 + 1
1
-3 - (-4 + 1 - 4)
4
Calculate 8 - 9 - ((2 - 7) + 1).
3
Evaluate 5 + -6 + 6 + -2.
3
What is the value of -12 - -9 - (-1 - -3)?
-5
5 + -9 - (-2 - 0 - 0)
-2
What is the value of 10 + (0 - -4 - (19 - 11))?
6
Calculate 6 - (7 - (-3 - (-4 - 3))).
3
What is the value of -43 - -47 - ((0 - 0) + 4)?
0
What is -3 + 3 - (1 - 5) - 4?
0
What is (-8 + 3 - -2 - 0) + 4?
1
What is (9 - (11 - 1)) + (1 - -3)?
3
What is the value of -2 + -4 + 4 + -1?
-3
What is 0 + (4 - 3) + -1?
0
Evaluate 14 + -7 + 2 - 0.
9
Evaluate 0 - (4 + -3 + 2) - 2.
-5
What is -1 - (-6 - (0 + -2) - 1)?
4
What is the value of 3 - (5 + -14 - (0 + -2))?
10
What is the value of -40 + 32 + 12 + -2?
2
7 + -5 + 4 + -10
-4
Evaluate 0 + -1 + -1 + 3 + -4.
-3
What is the value of -4 + 6 - ((5 - 0) + -9)?
6
Evaluate -6 + (-9 - -9 - -2).
-4
What is (4 - (-7 - -8)) + -4 - 5?
-6
What is the value of 3 + (-3 - 7) - 2 - -5?
-4
What is the value of 5 - (2 + 4 - 5)?
4
What is the value of 4 - (1 + 1 + -1)?
3
What is the value of 0 + 0 + (0 - 0 - 2)?
-2
What is 0 - -4 - (5 + (5 - 5))?
-1
What is -4 + 4 + 0 + (-3 - -1)?
-2
Evaluate 1 + -7 - (7 - 3 - 6).
-4
Evaluate 1 - (8 - (8 - -1)).
2
Calculate (4 - -1 - -1 - 1) + -9.
-4
-1 - ((2 - -1) + (-2 - 2))
0
What is the value of 3 + 2 + (-4 - (0 + 1))?
0
What is the value of (8 - 5 - -2) + (3 - -3)?
11
What is the value of 2 + (14 - 7) + 0 + -4?
5
-2 - (-7 - -2 - (-3 - -3))
3
What is the value of -1 + 0 - (-4 - 1)?
4
Calculate (0 - (1 - 0)) + (14 - 8).
5
Evaluate -8 + ((-1 - 0) + 2 - -2).
-5
What is 2 + (3 - (-1 - -5))?
1
What is the value of 6 + -3 + -1 + -1?
1
4 + 6 + -12 - (0 + -1)
-1
Evaluate -50 + 56 - (0 + 5).
1
What is 3 - 30 - -15 - -3?
-9
What is 4 + (2 - (3 + 1)) - 7?
-5
What is the value of (-4 + 3 - -3) + -3 + 1?
0
1 + 2 + -2 + -4
-3
Evaluate 1 + 10 + -5 + -1.
5
What is the value of (-3 - (-9 + -4)) + -5?
5
What is (3 - -1) + -25 + 18?
-3
-19 + 36 - 19 - (2 + 1)
-5
Evaluate -5 + (1 - (-5 + -3)).
4
3 - 2 - (2 - 4)
3
What is (0 - -2) + 1 - (-4 + 7)?
0
Evaluate 1 - ((113 - 114) + -4 + 1).
5
4 + 6 + -4 + -3 + 0
3
3 - (10 - (9 + -3))
-1
Evaluate 1 - 1 - (12 + -9 + -4).
1
What is 7 + -3 - (21 - 20)?
3
What is the value of 6 + 1 - (10 + -7 + 5)?
-1
Evaluate (-3 - 3) + (-23 - -31).
2
Evaluate 7 - ((-10 - -8) + 5).
4
What is the value of 3 - 1 - (3 + -7)?
6
0 - -5 - (10 - (2 + -2))
-5
What is the value of 0 - (6 - (6 + -5))?
-5
What is (2 - (1 + -6)) + -4?
3
-10 + 10 + (-2 - 3) + 1
-4
Calculate 4 + (-1 - (1 - -2)) - -5.
5
What is 9 + -7 + 6 + -8?
0
2 + (-5 - (-1 - 2) - -5)
5
-2 + 4 - (-1 + 2 + -4)
5
2 + -3 + 0 + -4
-5
What is -3 + 8 + (-1 - 2) - 6?
-4
0 - -2 - (-4 + 7 + 1)
-2
-5 - ((4 - 2) + -5)
-2
Evaluate -9 + (-5 - (-6 - 2)).
-6
1 - 3 - (-6 - 1)
5
Calculate -4 + 1 + -4 + -16 + 23.
0
What is (5 - 1) + (4 - (1 + 13))?
-6
What is the value of (-3 - 14) + 12 + (1 - -13)?
9
Evaluate 3 - (13 + 4) - -8.
-6
Calculate (-61 - -61) + 1 + -1 + 4.
4
What is 2 + 4 + -2 + -2 